{"id":8,"date":"2022-10-22T21:36:33","date_gmt":"2022-10-22T21:36:33","guid":{"rendered":"https:\/\/duepeicomercial.com\/?page_id=8"},"modified":"2025-06-13T02:21:56","modified_gmt":"2025-06-13T02:21:56","slug":"disenamos-y-construimos-tus-espacios-comerciales","status":"publish","type":"page","link":"https:\/\/duepeicomercial.com\/","title":{"rendered":"Inicio"},"content":{"rendered":"<p>[et_pb_section fb_built=&#8221;1&#8243; _builder_version=&#8221;4.15.1&#8243; _module_preset=&#8221;default&#8221; background_color=&#8221;#2b2b2b&#8221; custom_padding=&#8221;15px||0px|||&#8221; global_module=&#8221;267&#8243; saved_tabs=&#8221;all&#8221; global_colors_info=&#8221;{}&#8221;][et_pb_row _builder_version=&#8221;4.15.1&#8243; _module_preset=&#8221;default&#8221; background_color=&#8221;#2b2b2b&#8221; width=&#8221;88%&#8221; max_width=&#8221;1721px&#8221; module_alignment=&#8221;center&#8221; custom_padding=&#8221;12px||8px|||&#8221; global_colors_info=&#8221;{}&#8221;][et_pb_column type=&#8221;4_4&#8243; _builder_version=&#8221;4.15.1&#8243; _module_preset=&#8221;default&#8221; global_colors_info=&#8221;{}&#8221;][et_pb_menu menu_id=&#8221;none&#8221; menu_style=&#8221;centered&#8221; active_link_color=&#8221;#FFFFFF&#8221; logo=&#8221;https:\/\/duepeicomercial.com\/wp-content\/uploads\/2022\/10\/duepei-logo.png&#8221; logo_width=&#8221;34%&#8221; logo_max_width=&#8221;33%&#8221; logo_height=&#8221;62px&#8221; logo_max_height=&#8221;55px&#8221; _builder_version=&#8221;4.15.1&#8243; _module_preset=&#8221;default&#8221; menu_font=&#8221;Bebas Neue||||||||&#8221; menu_text_color=&#8221;#FFFFFF&#8221; menu_font_size=&#8221;17px&#8221; menu_letter_spacing=&#8221;4px&#8221; background_color=&#8221;#2b2b2b&#8221; module_alignment=&#8221;center&#8221; custom_padding=&#8221;||0px|||&#8221; global_colors_info=&#8221;{}&#8221;][\/et_pb_menu][\/et_pb_column][\/et_pb_row][\/et_pb_section][et_pb_section fb_built=&#8221;1&#8243; _builder_version=&#8221;4.15.1&#8243; _module_preset=&#8221;default&#8221; background_image=&#8221;https:\/\/duepeicomercial.com\/wp-content\/uploads\/2022\/10\/porta-deuepei-comercial.jpg&#8221; custom_padding=&#8221;0px||57px||false|false&#8221; global_colors_info=&#8221;{}&#8221;][et_pb_row column_structure=&#8221;1_2,1_2&#8243; _builder_version=&#8221;4.15.1&#8243; _module_preset=&#8221;default&#8221; width=&#8221;99%&#8221; max_width=&#8221;1294px&#8221; min_height=&#8221;500.2px&#8221; custom_padding=&#8221;155px|||||&#8221; global_colors_info=&#8221;{}&#8221;][et_pb_column type=&#8221;1_2&#8243; _builder_version=&#8221;4.15.1&#8243; _module_preset=&#8221;default&#8221; global_colors_info=&#8221;{}&#8221;][\/et_pb_column][et_pb_column type=&#8221;1_2&#8243; _builder_version=&#8221;4.15.1&#8243; _module_preset=&#8221;default&#8221; global_colors_info=&#8221;{}&#8221;][dsm_typing_effect typing_effect=&#8221;Fabricaci\u00f3n de Locales comerciales | Remodelaci\u00f3n de locales comerciales | Fabricaci\u00f3n de Mobiliario comercial&#8221; _builder_version=&#8221;4.15.1&#8243; _module_preset=&#8221;default&#8221; header_font=&#8221;Oswald||||||||&#8221; header_text_align=&#8221;left&#8221; header_text_color=&#8221;#FFFFFF&#8221; header_font_size=&#8221;48px&#8221; hover_enabled=&#8221;0&#8243; global_colors_info=&#8221;{}&#8221; sticky_enabled=&#8221;0&#8243;][\/dsm_typing_effect][\/et_pb_column][\/et_pb_row][\/et_pb_section][et_pb_section fb_built=&#8221;1&#8243; _builder_version=&#8221;4.15.1&#8243; _module_preset=&#8221;default&#8221; background_enable_color=&#8221;off&#8221; background_image=&#8221;https:\/\/duepeicomercial.com\/wp-content\/uploads\/2022\/10\/duepei-servicios-.jpg&#8221; background_position=&#8221;bottom_center&#8221; custom_margin=&#8221;||||false|false&#8221; custom_padding=&#8221;131px||201px|||&#8221; global_colors_info=&#8221;{}&#8221; background__hover_enabled=&#8221;on|hover&#8221; background_image__hover=&#8221;https:\/\/duepeicomercial.com\/wp-content\/uploads\/2022\/10\/duepei-servicios-2-.jpg&#8221; background_enable_image__hover=&#8221;on&#8221;][et_pb_row _builder_version=&#8221;4.15.1&#8243; _module_preset=&#8221;default&#8221; global_colors_info=&#8221;{}&#8221;][et_pb_column type=&#8221;4_4&#8243; _builder_version=&#8221;4.15.1&#8243; _module_preset=&#8221;default&#8221; global_colors_info=&#8221;{}&#8221;][et_pb_text _builder_version=&#8221;4.15.1&#8243; _module_preset=&#8221;default&#8221; text_font=&#8221;Cairo|300|||||||&#8221; text_text_color=&#8221;#FFFFFF&#8221; text_font_size=&#8221;41px&#8221; text_letter_spacing=&#8221;3px&#8221; text_line_height=&#8221;1.1em&#8221; width=&#8221;80%&#8221; max_width=&#8221;81%&#8221; module_alignment=&#8221;center&#8221; custom_margin=&#8221;||9px|||&#8221; animation_style=&#8221;fade&#8221; global_colors_info=&#8221;{}&#8221;]<\/p>\n<p style=\"text-align: center;\">Llevamos t\u00fa marca al siguiente nivel<\/p>\n<p>[\/et_pb_text][et_pb_text _builder_version=&#8221;4.15.1&#8243; _module_preset=&#8221;default&#8221; text_font=&#8221;Lato||||||||&#8221; text_text_color=&#8221;#FFFFFF&#8221; text_font_size=&#8221;15px&#8221; text_letter_spacing=&#8221;1px&#8221; text_line_height=&#8221;2em&#8221; global_colors_info=&#8221;{}&#8221;]<\/p>\n<p style=\"text-align: center;\">DISE\u00d1O Y FABRICACION DE LOCALES COMERCIALES | REMODELACI\u00d3N DE LOCALES COMERCIALES<\/p>\n<p>[\/et_pb_text][et_pb_text _builder_version=&#8221;4.15.1&#8243; _module_preset=&#8221;default&#8221; text_font=&#8221;Lato|700|||||||&#8221; text_font_size=&#8221;17px&#8221; text_letter_spacing=&#8221;2px&#8221; text_line_height=&#8221;1.8em&#8221; width=&#8221;90%&#8221; max_width=&#8221;90%&#8221; module_alignment=&#8221;center&#8221; animation_style=&#8221;fade&#8221; global_colors_info=&#8221;{}&#8221;]<\/p>\n<p style=\"text-align: justify;\"><span style=\"color: #ffffff;\">Cuando un cliente quiere renovar su local comercial, lo importante a la hora de realizar el dise\u00f1o es pensar en el estilo de la marca. De esta forma, lograremos que su negocio le identifique y represente su identidad. Para ello, cuando comenzamos a trabajar en el dise\u00f1o de locales comerciales es importante pensar c\u00f3mo distribuiremos y utilizaremos los elementos de decoraci\u00f3n para conseguir impacto visual. Veamos algunas ideas que pueden ayudarnos a conseguirlo:<\/span><\/p>\n<p>[\/et_pb_text][\/et_pb_column][\/et_pb_row][\/et_pb_section][et_pb_section fb_built=&#8221;1&#8243; _builder_version=&#8221;4.15.1&#8243; _module_preset=&#8221;default&#8221; background_image=&#8221;https:\/\/duepeicomercial.com\/wp-content\/uploads\/2022\/10\/old-black-background-grunge-texture-dark-wallpaper-blackboard-chalkboard-room-wall.jpg&#8221; parallax=&#8221;on&#8221; custom_padding=&#8221;74px||78px|||&#8221; global_colors_info=&#8221;{}&#8221;][et_pb_row column_structure=&#8221;1_4,1_4,1_4,1_4&#8243; _builder_version=&#8221;4.15.1&#8243; _module_preset=&#8221;default&#8221; max_width=&#8221;1214px&#8221; global_colors_info=&#8221;{}&#8221;][et_pb_column type=&#8221;1_4&#8243; _builder_version=&#8221;4.15.1&#8243; _module_preset=&#8221;default&#8221; global_colors_info=&#8221;{}&#8221;][et_pb_blurb title=&#8221;Dise\u00f1o de locales comerciales&#8221; use_icon=&#8221;on&#8221; font_icon=&#8221;&#x31;||divi||400&#8243; icon_color=&#8221;#F0B800&#8243; image_icon_width=&#8221;80px&#8221; _builder_version=&#8221;4.15.1&#8243; _module_preset=&#8221;default&#8221; header_font=&#8221;Allerta||||||||&#8221; header_text_align=&#8221;center&#8221; header_text_color=&#8221;#FFFFFF&#8221; header_font_size=&#8221;17px&#8221; header_letter_spacing=&#8221;2px&#8221; hover_enabled=&#8221;0&#8243; header_text_shadow_style=&#8221;preset1&#8243; global_colors_info=&#8221;{}&#8221; sticky_enabled=&#8221;0&#8243; header_line_height=&#8221;1.3em&#8221;][\/et_pb_blurb][\/et_pb_column][et_pb_column type=&#8221;1_4&#8243; _builder_version=&#8221;4.15.1&#8243; _module_preset=&#8221;default&#8221; global_colors_info=&#8221;{}&#8221;][et_pb_blurb title=&#8221;Fabricaci\u00f3n de locales comerciales&#8221; use_icon=&#8221;on&#8221; font_icon=&#8221;&#x31;||divi||400&#8243; icon_color=&#8221;#F0B800&#8243; image_icon_width=&#8221;80px&#8221; _builder_version=&#8221;4.15.1&#8243; _module_preset=&#8221;default&#8221; header_font=&#8221;Allerta||||||||&#8221; header_text_align=&#8221;center&#8221; header_text_color=&#8221;#FFFFFF&#8221; header_font_size=&#8221;17px&#8221; header_letter_spacing=&#8221;2px&#8221; header_text_shadow_style=&#8221;preset1&#8243; global_colors_info=&#8221;{}&#8221; header_line_height=&#8221;1.3em&#8221;][\/et_pb_blurb][\/et_pb_column][et_pb_column type=&#8221;1_4&#8243; _builder_version=&#8221;4.15.1&#8243; _module_preset=&#8221;default&#8221; global_colors_info=&#8221;{}&#8221;][et_pb_blurb title=&#8221;Remodelaci\u00f3n de locales comerciales&#8221; use_icon=&#8221;on&#8221; font_icon=&#8221;&#x31;||divi||400&#8243; icon_color=&#8221;#F0B800&#8243; image_icon_width=&#8221;80px&#8221; _builder_version=&#8221;4.15.1&#8243; _module_preset=&#8221;default&#8221; header_font=&#8221;Allerta||||||||&#8221; header_text_align=&#8221;center&#8221; header_text_color=&#8221;#FFFFFF&#8221; header_font_size=&#8221;17px&#8221; header_letter_spacing=&#8221;2px&#8221; header_text_shadow_style=&#8221;preset1&#8243; global_colors_info=&#8221;{}&#8221; header_line_height=&#8221;1.3em&#8221;][\/et_pb_blurb][\/et_pb_column][et_pb_column type=&#8221;1_4&#8243; _builder_version=&#8221;4.15.1&#8243; _module_preset=&#8221;default&#8221; global_colors_info=&#8221;{}&#8221;][et_pb_blurb title=&#8221;Fabricaci\u00f3n de mobiliario comercial&#8221; use_icon=&#8221;on&#8221; font_icon=&#8221;&#x31;||divi||400&#8243; icon_color=&#8221;#F0B800&#8243; image_icon_width=&#8221;80px&#8221; _builder_version=&#8221;4.15.1&#8243; _module_preset=&#8221;default&#8221; header_font=&#8221;Allerta||||||||&#8221; header_text_align=&#8221;center&#8221; header_text_color=&#8221;#FFFFFF&#8221; header_font_size=&#8221;17px&#8221; header_letter_spacing=&#8221;2px&#8221; header_text_shadow_style=&#8221;preset1&#8243; global_colors_info=&#8221;{}&#8221; header_line_height=&#8221;1.3em&#8221;][\/et_pb_blurb][\/et_pb_column][\/et_pb_row][\/et_pb_section][et_pb_section fb_built=&#8221;1&#8243; _builder_version=&#8221;4.15.1&#8243; _module_preset=&#8221;default&#8221; background_color=&#8221;#2b2b2b&#8221; custom_padding=&#8221;45px||4px|||&#8221; global_module=&#8221;193&#8243; saved_tabs=&#8221;all&#8221; global_colors_info=&#8221;{}&#8221;][et_pb_row column_structure=&#8221;1_4,1_4,1_4,1_4&#8243; _builder_version=&#8221;4.15.1&#8243; _module_preset=&#8221;default&#8221; width=&#8221;85%&#8221; max_width=&#8221;1327px&#8221; custom_padding=&#8221;18px||37px|||&#8221; global_colors_info=&#8221;{}&#8221;][et_pb_column type=&#8221;1_4&#8243; _builder_version=&#8221;4.15.1&#8243; _module_preset=&#8221;default&#8221; global_colors_info=&#8221;{}&#8221;][et_pb_text _builder_version=&#8221;4.15.1&#8243; _module_preset=&#8221;default&#8221; text_font=&#8221;Cairo|700|||||||&#8221; text_text_color=&#8221;#FFFFFF&#8221; text_letter_spacing=&#8221;6px&#8221; text_line_height=&#8221;1.6em&#8221; header_font=&#8221;Allerta|700|||||||&#8221; header_font_size=&#8221;25px&#8221; width=&#8221;80%&#8221; max_width=&#8221;81%&#8221; module_alignment=&#8221;left&#8221; custom_margin=&#8221;||9px|0px|false|false&#8221; animation_style=&#8221;slide&#8221; animation_direction=&#8221;left&#8221; global_colors_info=&#8221;{}&#8221;]<\/p>\n<p>MENU<br \/>INICIO<br \/>NOSOTROS<br \/>SERVICIOS<br \/>NOTICIAS<br \/>CONTACTO<\/p>\n<p>[\/et_pb_text][\/et_pb_column][et_pb_column type=&#8221;1_4&#8243; _builder_version=&#8221;4.15.1&#8243; _module_preset=&#8221;default&#8221; global_colors_info=&#8221;{}&#8221;][et_pb_text _builder_version=&#8221;4.15.1&#8243; _module_preset=&#8221;default&#8221; text_font=&#8221;Cairo|700|||||||&#8221; text_text_color=&#8221;#FFFFFF&#8221; text_letter_spacing=&#8221;2px&#8221; text_line_height=&#8221;1.4em&#8221; header_font=&#8221;Allerta|700|||||||&#8221; width=&#8221;80%&#8221; max_width=&#8221;81%&#8221; module_alignment=&#8221;left&#8221; custom_margin=&#8221;||9px|0px|false|false&#8221; animation_style=&#8221;slide&#8221; animation_direction=&#8221;left&#8221; global_colors_info=&#8221;{}&#8221;]<\/p>\n<p>Duepei M\u00e9xico<br \/>Bosque de Echegaray<br \/>Naucalpan<br \/>CP 53310<br \/>Estado de M\u00e9xico<br \/>TEL +52 1 55 8005 1564<\/p>\n<p>[\/et_pb_text][\/et_pb_column][et_pb_column type=&#8221;1_4&#8243; _builder_version=&#8221;4.15.1&#8243; _module_preset=&#8221;default&#8221; global_colors_info=&#8221;{}&#8221;][\/et_pb_column][et_pb_column type=&#8221;1_4&#8243; _builder_version=&#8221;4.15.1&#8243; _module_preset=&#8221;default&#8221; global_colors_info=&#8221;{}&#8221;][et_pb_image src=&#8221;https:\/\/duepeicomercial.com\/wp-content\/uploads\/2023\/02\/LOGO-DUEPEI-ESPACIOS-COMERCIALES.png&#8221; title_text=&#8221;LOGO DUEPEI ESPACIOS COMERCIALES&#8221; _builder_version=&#8221;4.15.1&#8243; _module_preset=&#8221;default&#8221; transform_scale=&#8221;88%|88%&#8221; global_colors_info=&#8221;{}&#8221;][\/et_pb_image][\/et_pb_column][\/et_pb_row][et_pb_row _builder_version=&#8221;4.15.1&#8243; _module_preset=&#8221;default&#8221; custom_padding=&#8221;||57px|||&#8221; global_colors_info=&#8221;{}&#8221;][et_pb_column type=&#8221;4_4&#8243; _builder_version=&#8221;4.15.1&#8243; _module_preset=&#8221;default&#8221; global_colors_info=&#8221;{}&#8221;][et_pb_text _builder_version=&#8221;4.15.1&#8243; _module_preset=&#8221;default&#8221; text_font=&#8221;Bebas Neue||||||||&#8221; text_text_color=&#8221;rgba(255,255,255,0.71)&#8221; text_font_size=&#8221;17px&#8221; text_letter_spacing=&#8221;2px&#8221; global_colors_info=&#8221;{}&#8221;]<\/p>\n<p style=\"text-align: center;\">\u00a9 2022<span> <\/span>DUEPEI ESPACIOS INTELIGENTES | AVISO DE PRIVACIDAD | POLITICAS DE COOKIES<\/p>\n<p>[\/et_pb_text][\/et_pb_column][\/et_pb_row][\/et_pb_section]<\/p>\n","protected":false},"excerpt":{"rendered":"<p><div class=\"et_pb_module dsm_typing_effect dsm_typing_effect_0 et_pb_bg_layout_light \">\n\t\t\t\t\n\t\t\t\t\n\t\t\t\t\n\t\t\t\t\n\t\t\t\t\n\t\t\t\t\n\t\t\t\t<div class=\"et_pb_module_inner\">\n\t\t\t\t\t<h1 class=\"dsm-typing-effect et_pb_module_header\"><span class=\"dsm-typing\" data-dsm-typing-strings=\"Fabricaci\u00f3n de Locales comerciales | Remodelaci\u00f3n de locales comerciales | Fabricaci\u00f3n de Mobiliario comercial\" data-dsm-typing-speed=100ms data-dsm-typing-backspeed=50ms data-dsm-typing-backdelay=700ms data-dsm-typing-loop=true><\/span><\/h1>\n\t\t\t\t<\/div>\n\t\t\t<\/div>Llevamos t\u00fa marca al siguiente nivelDISE\u00d1O Y FABRICACION DE LOCALES COMERCIALES | REMODELACI\u00d3N DE LOCALES COMERCIALESCuando un cliente quiere renovar su local comercial, lo importante a la hora de realizar el dise\u00f1o [&hellip;]<\/p>\n","protected":false},"author":1,"featured_media":0,"parent":0,"menu_order":0,"comment_status":"closed","ping_status":"closed","template":"page-template-blank.php","meta":{"_et_pb_use_builder":"on","_et_pb_old_content":"","_et_gb_content_width":"","footnotes":""},"class_list":["post-8","page","type-page","status-publish","hentry"],"yoast_head":"<!-- This site is optimized with the Yoast SEO plugin v20.0 - https:\/\/yoast.com\/wordpress\/plugins\/seo\/ -->\n<title>Dise\u00f1amos y construimos tus espacios comerciales<\/title>\n<meta name=\"description\" content=\"Dise\u00f1o de espacios\" \/>\n<meta name=\"robots\" content=\"index, follow, max-snippet:-1, max-image-preview:large, max-video-preview:-1\" \/>\n<link rel=\"canonical\" href=\"https:\/\/duepeicomercial.com\/\" \/>\n<meta property=\"og:locale\" content=\"es_MX\" \/>\n<meta property=\"og:type\" content=\"article\" \/>\n<meta property=\"og:title\" content=\"Dise\u00f1amos y construimos tus espacios comerciales\" \/>\n<meta property=\"og:description\" content=\"Dise\u00f1o de espacios\" \/>\n<meta property=\"og:url\" content=\"https:\/\/duepeicomercial.com\/\" \/>\n<meta property=\"og:site_name\" content=\"comercial\" \/>\n<meta property=\"article:modified_time\" content=\"2025-06-13T02:21:56+00:00\" \/>\n<meta name=\"twitter:card\" content=\"summary_large_image\" \/>\n<meta name=\"twitter:label1\" content=\"Tiempo de lectura\" \/>\n\t<meta name=\"twitter:data1\" content=\"1 minuto\" \/>\n<script type=\"application\/ld+json\" class=\"yoast-schema-graph\">{\"@context\":\"https:\/\/schema.org\",\"@graph\":[{\"@type\":\"WebPage\",\"@id\":\"https:\/\/duepeicomercial.com\/\",\"url\":\"https:\/\/duepeicomercial.com\/\",\"name\":\"Dise\u00f1amos y construimos tus espacios comerciales\",\"isPartOf\":{\"@id\":\"https:\/\/duepeicomercial.com\/#website\"},\"datePublished\":\"2022-10-22T21:36:33+00:00\",\"dateModified\":\"2025-06-13T02:21:56+00:00\",\"description\":\"Dise\u00f1o de espacios\",\"breadcrumb\":{\"@id\":\"https:\/\/duepeicomercial.com\/#breadcrumb\"},\"inLanguage\":\"es\",\"potentialAction\":[{\"@type\":\"ReadAction\",\"target\":[\"https:\/\/duepeicomercial.com\/\"]}]},{\"@type\":\"BreadcrumbList\",\"@id\":\"https:\/\/duepeicomercial.com\/#breadcrumb\",\"itemListElement\":[{\"@type\":\"ListItem\",\"position\":1,\"name\":\"Inicio\",\"item\":\"https:\/\/duepeicomercial.com\/\"},{\"@type\":\"ListItem\",\"position\":2,\"name\":\"Inicio\"}]},{\"@type\":\"WebSite\",\"@id\":\"https:\/\/duepeicomercial.com\/#website\",\"url\":\"https:\/\/duepeicomercial.com\/\",\"name\":\"comercial\",\"description\":\"Just another WordPress site\",\"publisher\":{\"@id\":\"https:\/\/duepeicomercial.com\/#organization\"},\"potentialAction\":[{\"@type\":\"SearchAction\",\"target\":{\"@type\":\"EntryPoint\",\"urlTemplate\":\"https:\/\/duepeicomercial.com\/?s={search_term_string}\"},\"query-input\":\"required name=search_term_string\"}],\"inLanguage\":\"es\"},{\"@type\":\"Organization\",\"@id\":\"https:\/\/duepeicomercial.com\/#organization\",\"name\":\"Duepei comercial\",\"url\":\"https:\/\/duepeicomercial.com\/\",\"logo\":{\"@type\":\"ImageObject\",\"inLanguage\":\"es\",\"@id\":\"https:\/\/duepeicomercial.com\/#\/schema\/logo\/image\/\",\"url\":\"https:\/\/duepeicomercial.com\/wp-content\/uploads\/2023\/02\/LOGO-DUEPEI-ESPACIOS-COMERCIALES-2.png\",\"contentUrl\":\"https:\/\/duepeicomercial.com\/wp-content\/uploads\/2023\/02\/LOGO-DUEPEI-ESPACIOS-COMERCIALES-2.png\",\"width\":413,\"height\":139,\"caption\":\"Duepei comercial\"},\"image\":{\"@id\":\"https:\/\/duepeicomercial.com\/#\/schema\/logo\/image\/\"}}]}<\/script>\n<!-- \/ Yoast SEO plugin. -->","yoast_head_json":{"title":"Dise\u00f1amos y construimos tus espacios comerciales","description":"Dise\u00f1o de espacios","robots":{"index":"index","follow":"follow","max-snippet":"max-snippet:-1","max-image-preview":"max-image-preview:large","max-video-preview":"max-video-preview:-1"},"canonical":"https:\/\/duepeicomercial.com\/","og_locale":"es_MX","og_type":"article","og_title":"Dise\u00f1amos y construimos tus espacios comerciales","og_description":"Dise\u00f1o de espacios","og_url":"https:\/\/duepeicomercial.com\/","og_site_name":"comercial","article_modified_time":"2025-06-13T02:21:56+00:00","twitter_card":"summary_large_image","twitter_misc":{"Tiempo de lectura":"1 minuto"},"schema":{"@context":"https:\/\/schema.org","@graph":[{"@type":"WebPage","@id":"https:\/\/duepeicomercial.com\/","url":"https:\/\/duepeicomercial.com\/","name":"Dise\u00f1amos y construimos tus espacios comerciales","isPartOf":{"@id":"https:\/\/duepeicomercial.com\/#website"},"datePublished":"2022-10-22T21:36:33+00:00","dateModified":"2025-06-13T02:21:56+00:00","description":"Dise\u00f1o de espacios","breadcrumb":{"@id":"https:\/\/duepeicomercial.com\/#breadcrumb"},"inLanguage":"es","potentialAction":[{"@type":"ReadAction","target":["https:\/\/duepeicomercial.com\/"]}]},{"@type":"BreadcrumbList","@id":"https:\/\/duepeicomercial.com\/#breadcrumb","itemListElement":[{"@type":"ListItem","position":1,"name":"Inicio","item":"https:\/\/duepeicomercial.com\/"},{"@type":"ListItem","position":2,"name":"Inicio"}]},{"@type":"WebSite","@id":"https:\/\/duepeicomercial.com\/#website","url":"https:\/\/duepeicomercial.com\/","name":"comercial","description":"Just another WordPress site","publisher":{"@id":"https:\/\/duepeicomercial.com\/#organization"},"potentialAction":[{"@type":"SearchAction","target":{"@type":"EntryPoint","urlTemplate":"https:\/\/duepeicomercial.com\/?s={search_term_string}"},"query-input":"required name=search_term_string"}],"inLanguage":"es"},{"@type":"Organization","@id":"https:\/\/duepeicomercial.com\/#organization","name":"Duepei comercial","url":"https:\/\/duepeicomercial.com\/","logo":{"@type":"ImageObject","inLanguage":"es","@id":"https:\/\/duepeicomercial.com\/#\/schema\/logo\/image\/","url":"https:\/\/duepeicomercial.com\/wp-content\/uploads\/2023\/02\/LOGO-DUEPEI-ESPACIOS-COMERCIALES-2.png","contentUrl":"https:\/\/duepeicomercial.com\/wp-content\/uploads\/2023\/02\/LOGO-DUEPEI-ESPACIOS-COMERCIALES-2.png","width":413,"height":139,"caption":"Duepei comercial"},"image":{"@id":"https:\/\/duepeicomercial.com\/#\/schema\/logo\/image\/"}}]}},"_links":{"self":[{"href":"https:\/\/duepeicomercial.com\/index.php?rest_route=\/wp\/v2\/pages\/8","targetHints":{"allow":["GET"]}}],"collection":[{"href":"https:\/\/duepeicomercial.com\/index.php?rest_route=\/wp\/v2\/pages"}],"about":[{"href":"https:\/\/duepeicomercial.com\/index.php?rest_route=\/wp\/v2\/types\/page"}],"author":[{"embeddable":true,"href":"https:\/\/duepeicomercial.com\/index.php?rest_route=\/wp\/v2\/users\/1"}],"replies":[{"embeddable":true,"href":"https:\/\/duepeicomercial.com\/index.php?rest_route=%2Fwp%2Fv2%2Fcomments&post=8"}],"version-history":[{"count":49,"href":"https:\/\/duepeicomercial.com\/index.php?rest_route=\/wp\/v2\/pages\/8\/revisions"}],"predecessor-version":[{"id":319,"href":"https:\/\/duepeicomercial.com\/index.php?rest_route=\/wp\/v2\/pages\/8\/revisions\/319"}],"wp:attachment":[{"href":"https:\/\/duepeicomercial.com\/index.php?rest_route=%2Fwp%2Fv2%2Fmedia&parent=8"}],"curies":[{"name":"wp","href":"https:\/\/api.w.org\/{rel}","templated":true}]}}